{"id":9096,"date":"2025-10-09T14:56:33","date_gmt":"2025-10-09T14:56:33","guid":{"rendered":"https:\/\/modneli.com\/?post_type=product&#038;p=9096"},"modified":"2026-04-09T12:09:44","modified_gmt":"2026-04-09T12:09:44","slug":"sola","status":"publish","type":"product","link":"https:\/\/modneli.com\/en\/product\/sola\/","title":{"rendered":"&#8220;Sola&#8221;"},"content":{"rendered":"<table width=\"586\">\n<tbody>\n<tr>\n<td>36 d. i\u0161matavimai<\/td>\n<td>Kr\u016btin\u0117 85-89 cm. Liemuo 72-75 cm. Klubai 92-96 cm.<\/td>\n<\/tr>\n<tr>\n<td>38 d. i\u0161matavimai<\/td>\n<td>Kr\u016btin\u0117 90-95 cm. Liemuo 76-78 cm. Klubai 98-103 cm.<\/td>\n<\/tr>\n<tr>\n<td>40 d. i\u0161matavimai<\/td>\n<td>Kr\u016btin\u0117 96-100 cm. Liemuo 79-82 cm. Klubai 104-108 cm.<\/td>\n<\/tr>\n<tr>\n<td>42 d. i\u0161matavimai<\/td>\n<td>Kr\u016btin\u0117 101-105 cm. Liemuo 83-86 cm. Klubai 109-113 cm.<\/td>\n<\/tr>\n<\/tbody>\n<\/table>\n<p>&nbsp;<\/p>\n<p>NUOMA<\/p>\n<p>&nbsp;<\/p>\n<table class=\"woocommerce-product-attributes shop_attributes\">\n<tbody>\n<tr class=\"woocommerce-product-attributes-item woocommerce-product-attributes-item--attribute_36-i%c5%a1matavimai\">\n<th class=\"woocommerce-product-attributes-item__label\">4 dienos<\/th>\n<td class=\"woocommerce-product-attributes-item__value\">\u00a070 eur.<\/td>\n<\/tr>\n<tr class=\"woocommerce-product-attributes-item woocommerce-product-attributes-item--attribute_38-i%c5%a1matavimai\">\n<th class=\"woocommerce-product-attributes-item__label\">8 dienos<\/th>\n<td class=\"woocommerce-product-attributes-item__value\">\u00a080 eur.<\/td>\n<\/tr>\n<tr class=\"woocommerce-product-attributes-item woocommerce-product-attributes-item--attribute_40-i%c5%a1matavimai\">\n<th class=\"woocommerce-product-attributes-item__label\"><\/th>\n<td class=\"woocommerce-product-attributes-item__value\"><\/td>\n<\/tr>\n<\/tbody>\n<\/table>\n<p>&nbsp;<\/p>\n<p>&nbsp;<\/p>\n<p>Labai pra\u0161ome per\u017ei\u016br\u0117ti \u00a0\u201cPapildom\u0105 informacij\u0105\u201d. Atsi\u017evelkite \u012f pateiktus r\u016bb\u0173 i\u0161matavimus (klubai, liemuo, kr\u016btin\u0117, ilgis). Kartais dyd\u017eiai gali b\u016bti ma\u017einti.<\/p>\n<p>M\u016bs\u0173 r\u016bb\u0173 pristatymas gali u\u017etrukti nuo 2 iki 5 dien\u0173.<\/p>\n<p>Mes parduodame savo prekinio \u017eenklo \u201cModneli\u201d ir kit\u0173 gamintoj\u0173 i\u0161 viso pasaulio drabu\u017eius ir aksesuarus. Jeigu nerandate savo dyd\u017eio, kartais galime papildomai u\u017esakyti.<\/p>\n<p>Visais klausimais: d\u0117l dyd\u017eio, pristatymo laiko, gamintojo, keitimo, gr\u0105\u017einimo ar \u0161iaip \u201cpasilabinti\u201d ra\u0161ykite mums:<\/p>\n<p>Facebook:\u00a0\u00a0<a href=\"https:\/\/www.facebook.com\/Modneli\">https:\/\/www.facebook.com\/Modneli<\/a><\/p>\n<p>Instagram: \u00a0<a href=\"https:\/\/www.instagram.com\/modneli_dress\/\">https:\/\/www.instagram.com\/modneli_dress\/<\/a><\/p>\n<h5><em>Su meile, Modneli.<\/em><\/h5>","protected":false},"excerpt":{"rendered":"<p>36 d. i\u0161matavimai Kr\u016btin\u0117 85-89 cm. Liemuo 72-75 cm. Klubai 92-96 cm. 38 d. i\u0161matavimai Kr\u016btin\u0117 90-95 cm. Liemuo 76-78&hellip;<\/p>","protected":false},"featured_media":10261,"template":"","meta":[],"product_cat":[141,1941],"product_tag":[1854,1890,961,474,1794,1950,1744,187,1885,1887,1901,1886,1858,1884,1883,288,1889,1797,1812,1813,1720,1888,1960,1945],"class_list":["post-9096","product","type-product","status-publish","has-post-thumbnail","hentry","product_cat-sukneles","product_cat-nuoma","product_tag-aptemptos-sukneles-moterims","product_tag-aukstos-kokybes-sukneles","product_tag-elegantiska-midi-suknel","product_tag-elegantiska-suknel","product_tag-grazi-ruda-suknele","product_tag-kokteiliniu-sukneliu-nuoma-vilniuje","product_tag-liemenuota-suknele","product_tag-progin-suknel","product_tag-progines-sukneles","product_tag-progines-sukneles-internetu","product_tag-progines-sukneles-moterims","product_tag-ruda-progine-suknele","product_tag-rudos-sukneles-moterims","product_tag-stilingos-progines-sukneles","product_tag-stilingos-sukneles","product_tag-suknel","product_tag-sukneles","product_tag-sukneles-moterims-internetu","product_tag-sukneliu-parduotuve","product_tag-sukneliu-parduotuve-vilniuje","product_tag-sventine-suknele","product_tag-sventines-sukneles-moterims","product_tag-sventiniu-sukneliu-nuoma-vilniuje","product_tag-vakariniu-sukneliu-nuoma-vilniuje","pa_audinys-poliesteris-100","pa_detal-s-su-pamusalu","pa_dydis-1526","pa_dydis-1527","pa_dydis-1528","pa_dydis-1529","pa_ismatavimai-modelio-ugis-172-cm-2","pa_ismatavimai-sukneles-ilgis-130-cm","pa_spalva-ruda","thumb-no-effect","prod-rating-on","prod-has-rating"],"_links":{"self":[{"href":"https:\/\/modneli.com\/en\/wp-json\/wp\/v2\/product\/9096","targetHints":{"allow":["GET"]}}],"collection":[{"href":"https:\/\/modneli.com\/en\/wp-json\/wp\/v2\/product"}],"about":[{"href":"https:\/\/modneli.com\/en\/wp-json\/wp\/v2\/types\/product"}],"wp:featuredmedia":[{"embeddable":true,"href":"https:\/\/modneli.com\/en\/wp-json\/wp\/v2\/media\/10261"}],"wp:attachment":[{"href":"https:\/\/modneli.com\/en\/wp-json\/wp\/v2\/media?parent=9096"}],"wp:term":[{"taxonomy":"product_cat","embeddable":true,"href":"https:\/\/modneli.com\/en\/wp-json\/wp\/v2\/product_cat?post=9096"},{"taxonomy":"product_tag","embeddable":true,"href":"https:\/\/modneli.com\/en\/wp-json\/wp\/v2\/product_tag?post=9096"}],"curies":[{"name":"wp","href":"https:\/\/api.w.org\/{rel}","templated":true}]}}

<table width="586">
<tbody>
<tr>
<td>36 d. išmatavimai</td>
<td>Krūtinė 85-89 cm. Liemuo 72-75 cm. Klubai 92-96 cm.</td>
</tr>
<tr>
<td>38 d. išmatavimai</td>
<td>Krūtinė 90-95 cm. Liemuo 76-78 cm. Klubai 98-103 cm.</td>
</tr>
<tr>
<td>40 d. išmatavimai</td>
<td>Krūtinė 96-100 cm. Liemuo 79-82 cm. Klubai 104-108 cm.</td>
</tr>
<tr>
<td>42 d. išmatavimai</td>
<td>Krūtinė 101-105 cm. Liemuo 83-86 cm. Klubai 109-113 cm.</td>
</tr>
</tbody>
</table>
<p>&nbsp;</p>
<p>NUOMA</p>
<p>&nbsp;</p>
<table class="woocommerce-product-attributes shop_attributes">
<tbody>
<tr class="woocommerce-product-attributes-item woocommerce-product-attributes-item--attribute_36-i%c5%a1matavimai">
<th class="woocommerce-product-attributes-item__label">4 dienos</th>
<td class="woocommerce-product-attributes-item__value"> 70 eur.</td>
</tr>
<tr class="woocommerce-product-attributes-item woocommerce-product-attributes-item--attribute_38-i%c5%a1matavimai">
<th class="woocommerce-product-attributes-item__label">8 dienos</th>
<td class="woocommerce-product-attributes-item__value"> 80 eur.</td>
</tr>
<tr class="woocommerce-product-attributes-item woocommerce-product-attributes-item--attribute_40-i%c5%a1matavimai">
<th class="woocommerce-product-attributes-item__label"></th>
<td class="woocommerce-product-attributes-item__value"></td>
</tr>
</tbody>
</table>
<p>&nbsp;</p>
<p>&nbsp;</p>
<p>Labai prašome peržiūrėti  “Papildomą informaciją”. Atsižvelkite į pateiktus rūbų išmatavimus (klubai, liemuo, krūtinė, ilgis). Kartais dydžiai gali būti mažinti.</p>
<p>Mūsų rūbų pristatymas gali užtrukti nuo 2 iki 5 dienų.</p>
<p>Mes parduodame savo prekinio ženklo “Modneli” ir kitų gamintojų iš viso pasaulio drabužius ir aksesuarus. Jeigu nerandate savo dydžio, kartais galime papildomai užsakyti.</p>
<p>Visais klausimais: dėl dydžio, pristatymo laiko, gamintojo, keitimo, grąžinimo ar šiaip “pasilabinti” rašykite mums:</p>
<p>Facebook:  <a href="https://www.facebook.com/Modneli">https://www.facebook.com/Modneli</a></p>
<p>Instagram:  <a href="https://www.instagram.com/modneli_dress/">https://www.instagram.com/modneli_dress/</a></p>
<h5><em>Su meile, Modneli.</em></h5>

<p>36 d. išmatavimai Krūtinė 85-89 cm. Liemuo 72-75 cm. Klubai 92-96 cm. 38 d. išmatavimai Krūtinė 90-95 cm. Liemuo 76-78&hellip;</p>
