{"id":8915,"date":"2025-09-24T07:44:35","date_gmt":"2025-09-24T07:44:35","guid":{"rendered":"https:\/\/modneli.com\/?post_type=product&#038;p=8915"},"modified":"2026-04-09T13:04:30","modified_gmt":"2026-04-09T13:04:30","slug":"ofelija","status":"publish","type":"product","link":"https:\/\/modneli.com\/en\/product\/ofelija\/","title":{"rendered":"1.  Ofelija"},"content":{"rendered":"<table width=\"586\">\n<tbody>\n<tr>\n<td>S i\u0161matavimai<\/td>\n<td>Kr\u016btin\u0117 84-88 cm. Liemuo 68-73 cm. Klubai 94-98 cm.<\/td>\n<\/tr>\n<tr>\n<td>M i\u0161matavimai<\/td>\n<td>Kr\u016btin\u0117 90-95 cm. Liemuo 74-76 cm. Klubai 99-103 cm.<\/td>\n<\/tr>\n<tr>\n<td>L i\u0161matavimai<\/td>\n<td>Kr\u016btin\u0117 96-100 cm. Liemuo 77-80 cm. Klubai 104-108 cm.<\/td>\n<\/tr>\n<tr>\n<td>XL i\u0161matavimai<\/td>\n<td>Kr\u016btin\u0117 101-105 cm. Liemuo 81-84 cm. Klubai 109-114 cm.<\/td>\n<\/tr>\n<\/tbody>\n<\/table>\n<p>&nbsp;<\/p>\n<p>NUOMA<\/p>\n<table class=\"woocommerce-product-attributes shop_attributes\">\n<tbody>\n<tr class=\"woocommerce-product-attributes-item woocommerce-product-attributes-item--attribute_36-i%c5%a1matavimai\">\n<th class=\"woocommerce-product-attributes-item__label\">4 dienos<\/th>\n<td class=\"woocommerce-product-attributes-item__value\">\u00a070\u00a0 eur.<\/td>\n<\/tr>\n<tr class=\"woocommerce-product-attributes-item woocommerce-product-attributes-item--attribute_38-i%c5%a1matavimai\">\n<th class=\"woocommerce-product-attributes-item__label\">8 dienos<\/th>\n<td class=\"woocommerce-product-attributes-item__value\">\u00a080 eur.<\/td>\n<\/tr>\n<tr class=\"woocommerce-product-attributes-item woocommerce-product-attributes-item--attribute_40-i%c5%a1matavimai\">\n<th class=\"woocommerce-product-attributes-item__label\"><\/th>\n<td class=\"woocommerce-product-attributes-item__value\"><\/td>\n<\/tr>\n<\/tbody>\n<\/table>\n<p>&nbsp;<\/p>\n<p>Labai pra\u0161ome per\u017ei\u016br\u0117ti \u00a0\u201cPapildom\u0105 informacij\u0105\u201d. Atsi\u017evelkite \u012f pateiktus r\u016bb\u0173 i\u0161matavimus (klubai, liemuo, kr\u016btin\u0117, ilgis). Kartais dyd\u017eiai gali b\u016bti ma\u017einti.<\/p>\n<p>M\u016bs\u0173 r\u016bb\u0173 pristatymas gali u\u017etrukti nuo 2 iki 5 dien\u0173.<\/p>\n<p>Mes parduodame savo prekinio \u017eenklo \u201cModneli\u201d ir kit\u0173 gamintoj\u0173 i\u0161 viso pasaulio drabu\u017eius ir aksesuarus. Jeigu nerandate savo dyd\u017eio, kartais galime papildomai u\u017esakyti.<\/p>\n<p>Visais klausimais: d\u0117l dyd\u017eio, pristatymo laiko, gamintojo, keitimo, gr\u0105\u017einimo ar \u0161iaip \u201cpasilabinti\u201d ra\u0161ykite mums:<\/p>\n<p>Facebook:\u00a0\u00a0<a href=\"https:\/\/www.facebook.com\/Modneli\">https:\/\/www.facebook.com\/Modneli<\/a><\/p>\n<p>Instagram: \u00a0<a href=\"https:\/\/www.instagram.com\/modneli_dress\/\">https:\/\/www.instagram.com\/modneli_dress\/<\/a><\/p>\n<h5><em>Su meile, Modneli.<\/em><\/h5>","protected":false},"excerpt":{"rendered":"<p>S i\u0161matavimai Kr\u016btin\u0117 84-88 cm. Liemuo 68-73 cm. Klubai 94-98 cm. M i\u0161matavimai Kr\u016btin\u0117 90-95 cm. Liemuo 74-76 cm. Klubai&hellip;<\/p>","protected":false},"featured_media":8921,"template":"","meta":[],"product_cat":[141,1941],"product_tag":[1854,1778,961,1814,1737,1865,812,1748,1902,1803,1950,1744,1938,1725,187,1901,1958,1753,288,1774,1749,1797,1752,1916,1815,1755,1942,1812,1813,1960,1945],"class_list":["post-8915","product","type-product","status-publish","has-post-thumbnail","hentry","product_cat-sukneles","product_cat-nuoma","product_tag-aptemptos-sukneles-moterims","product_tag-elegantiska-juoda-suknele","product_tag-elegantiska-midi-suknel","product_tag-fizine-sukneliu-parduotuve","product_tag-gimtadienio-suknele","product_tag-ilga-juoda-suknele","product_tag-ilga-suknel","product_tag-jaunatviska-suknele","product_tag-juodos-sukneles-moterims","product_tag-klasikine-suknele","product_tag-kokteiliniu-sukneliu-nuoma-vilniuje","product_tag-liemenuota-suknele","product_tag-midi-ilgio-progine-suknele-moterims","product_tag-ofisine-suknele","product_tag-progin-suknel","product_tag-progines-sukneles-moterims","product_tag-proginiu-sukneliu-nuoma-vilniuje","product_tag-rudenines-sukneles","product_tag-suknel","product_tag-suknele-i-svente","product_tag-suknele-ilgomis-rankovemis","product_tag-sukneles-moterims-internetu","product_tag-sukneles-rudeniui","product_tag-sukneles-vestuviu-sveciams","product_tag-sukneles-vilniuje","product_tag-sukneles-ziemai","product_tag-sukneliu-nuoma-vilniuje","product_tag-sukneliu-parduotuve","product_tag-sukneliu-parduotuve-vilniuje","product_tag-sventiniu-sukneliu-nuoma-vilniuje","product_tag-vakariniu-sukneliu-nuoma-vilniuje","pa_audinys-poliesteris-86-elastanas-14","pa_detal-s-su-pamusalu","pa_dydis-l","pa_dydis-m","pa_dydis-s","pa_dydis-xl","pa_ismatavimai-modelio-ugis-173-cm","pa_ismatavimai-sukneles-ilgis-138-cm","pa_spalva-juoda","thumb-no-effect","prod-rating-on","prod-has-rating"],"_links":{"self":[{"href":"https:\/\/modneli.com\/en\/wp-json\/wp\/v2\/product\/8915","targetHints":{"allow":["GET"]}}],"collection":[{"href":"https:\/\/modneli.com\/en\/wp-json\/wp\/v2\/product"}],"about":[{"href":"https:\/\/modneli.com\/en\/wp-json\/wp\/v2\/types\/product"}],"wp:featuredmedia":[{"embeddable":true,"href":"https:\/\/modneli.com\/en\/wp-json\/wp\/v2\/media\/8921"}],"wp:attachment":[{"href":"https:\/\/modneli.com\/en\/wp-json\/wp\/v2\/media?parent=8915"}],"wp:term":[{"taxonomy":"product_cat","embeddable":true,"href":"https:\/\/modneli.com\/en\/wp-json\/wp\/v2\/product_cat?post=8915"},{"taxonomy":"product_tag","embeddable":true,"href":"https:\/\/modneli.com\/en\/wp-json\/wp\/v2\/product_tag?post=8915"}],"curies":[{"name":"wp","href":"https:\/\/api.w.org\/{rel}","templated":true}]}}

<table width="586">
<tbody>
<tr>
<td>S išmatavimai</td>
<td>Krūtinė 84-88 cm. Liemuo 68-73 cm. Klubai 94-98 cm.</td>
</tr>
<tr>
<td>M išmatavimai</td>
<td>Krūtinė 90-95 cm. Liemuo 74-76 cm. Klubai 99-103 cm.</td>
</tr>
<tr>
<td>L išmatavimai</td>
<td>Krūtinė 96-100 cm. Liemuo 77-80 cm. Klubai 104-108 cm.</td>
</tr>
<tr>
<td>XL išmatavimai</td>
<td>Krūtinė 101-105 cm. Liemuo 81-84 cm. Klubai 109-114 cm.</td>
</tr>
</tbody>
</table>
<p>&nbsp;</p>
<p>NUOMA</p>
<table class="woocommerce-product-attributes shop_attributes">
<tbody>
<tr class="woocommerce-product-attributes-item woocommerce-product-attributes-item--attribute_36-i%c5%a1matavimai">
<th class="woocommerce-product-attributes-item__label">4 dienos</th>
<td class="woocommerce-product-attributes-item__value"> 70  eur.</td>
</tr>
<tr class="woocommerce-product-attributes-item woocommerce-product-attributes-item--attribute_38-i%c5%a1matavimai">
<th class="woocommerce-product-attributes-item__label">8 dienos</th>
<td class="woocommerce-product-attributes-item__value"> 80 eur.</td>
</tr>
<tr class="woocommerce-product-attributes-item woocommerce-product-attributes-item--attribute_40-i%c5%a1matavimai">
<th class="woocommerce-product-attributes-item__label"></th>
<td class="woocommerce-product-attributes-item__value"></td>
</tr>
</tbody>
</table>
<p>&nbsp;</p>
<p>Labai prašome peržiūrėti  “Papildomą informaciją”. Atsižvelkite į pateiktus rūbų išmatavimus (klubai, liemuo, krūtinė, ilgis). Kartais dydžiai gali būti mažinti.</p>
<p>Mūsų rūbų pristatymas gali užtrukti nuo 2 iki 5 dienų.</p>
<p>Mes parduodame savo prekinio ženklo “Modneli” ir kitų gamintojų iš viso pasaulio drabužius ir aksesuarus. Jeigu nerandate savo dydžio, kartais galime papildomai užsakyti.</p>
<p>Visais klausimais: dėl dydžio, pristatymo laiko, gamintojo, keitimo, grąžinimo ar šiaip “pasilabinti” rašykite mums:</p>
<p>Facebook:  <a href="https://www.facebook.com/Modneli">https://www.facebook.com/Modneli</a></p>
<p>Instagram:  <a href="https://www.instagram.com/modneli_dress/">https://www.instagram.com/modneli_dress/</a></p>
<h5><em>Su meile, Modneli.</em></h5>

<p>S išmatavimai Krūtinė 84-88 cm. Liemuo 68-73 cm. Klubai 94-98 cm. M išmatavimai Krūtinė 90-95 cm. Liemuo 74-76 cm. Klubai&hellip;</p>
