{"id":8004,"date":"2025-01-02T07:33:41","date_gmt":"2025-01-02T07:33:41","guid":{"rendered":"https:\/\/modneli.com\/?post_type=product&#038;p=8004"},"modified":"2026-04-08T07:42:26","modified_gmt":"2026-04-08T07:42:26","slug":"suknele-carmen","status":"publish","type":"product","link":"https:\/\/modneli.com\/en\/product\/suknele-carmen\/","title":{"rendered":"&#8220;Carmen&#8221;"},"content":{"rendered":"<p>&nbsp;<\/p>\n<table class=\"woocommerce-product-attributes shop_attributes\">\n<tbody>\n<tr class=\"woocommerce-product-attributes-item woocommerce-product-attributes-item--attribute_s-i%c5%a1matavimai\">\n<th class=\"woocommerce-product-attributes-item__label\">S i\u0161matavimai<\/th>\n<td class=\"woocommerce-product-attributes-item__value\">Kr\u016btin\u0117 86-90 cm. Liemuo 70-74 cm. Klubai 94-100 cm.<\/td>\n<\/tr>\n<tr class=\"woocommerce-product-attributes-item woocommerce-product-attributes-item--attribute_m-i%c5%a1matavimai\">\n<th class=\"woocommerce-product-attributes-item__label\">M i\u0161matavimai<\/th>\n<td class=\"woocommerce-product-attributes-item__value\">Kr\u016btin\u0117 90-94 cm. Liemuo 72-76 m. Klubai 100-106 cm.<\/td>\n<\/tr>\n<tr class=\"woocommerce-product-attributes-item woocommerce-product-attributes-item--attribute_l-i%c5%a1matavimai\">\n<th class=\"woocommerce-product-attributes-item__label\">L i\u0161matavimai<\/th>\n<td class=\"woocommerce-product-attributes-item__value\">Kr\u016btin\u0117 94-98 cm. Liemuo 78-82 cm. Klubai 106-110 cm.<\/td>\n<\/tr>\n<\/tbody>\n<\/table>\n<p>&nbsp;<\/p>\n<p>NUOMA<\/p>\n<table class=\"woocommerce-product-attributes shop_attributes\">\n<tbody>\n<tr class=\"woocommerce-product-attributes-item woocommerce-product-attributes-item--attribute_36-i%c5%a1matavimai\">\n<th class=\"woocommerce-product-attributes-item__label\">4 dienos<\/th>\n<td class=\"woocommerce-product-attributes-item__value\">\u00a065 eur.<\/td>\n<\/tr>\n<tr class=\"woocommerce-product-attributes-item woocommerce-product-attributes-item--attribute_38-i%c5%a1matavimai\">\n<th class=\"woocommerce-product-attributes-item__label\">8 dienos<\/th>\n<td class=\"woocommerce-product-attributes-item__value\">\u00a075\u00a0 eur.<\/td>\n<\/tr>\n<tr class=\"woocommerce-product-attributes-item woocommerce-product-attributes-item--attribute_40-i%c5%a1matavimai\">\n<th class=\"woocommerce-product-attributes-item__label\"><\/th>\n<td class=\"woocommerce-product-attributes-item__value\"><\/td>\n<\/tr>\n<\/tbody>\n<\/table>\n<p>&nbsp;<\/p>\n<p>Labai pra\u0161ome per\u017ei\u016br\u0117ti \u00a0\u201cPapildom\u0105 informacij\u0105\u201d. Atsi\u017evelkite \u012f pateiktus r\u016bb\u0173 i\u0161matavimus (klubai, liemuo, kr\u016btin\u0117, ilgis). Kartais dyd\u017eiai gali b\u016bti ma\u017einti.<\/p>\n<p>M\u016bs\u0173 r\u016bb\u0173 pristatymas gali u\u017etrukti nuo 2 iki 5 dien\u0173.<\/p>\n<p>Mes parduodame savo prekinio \u017eenklo \u201cModneli\u201d ir kit\u0173 gamintoj\u0173 i\u0161 viso pasaulio drabu\u017eius ir aksesuarus. Jeigu nerandate savo dyd\u017eio, kartais galime papildomai u\u017esakyti.<\/p>\n<p>Visais klausimais: d\u0117l dyd\u017eio, pristatymo laiko, gamintojo, keitimo, gr\u0105\u017einimo ar \u0161iaip \u201cpasilabinti\u201d ra\u0161ykite mums:<\/p>\n<p>Facebook:\u00a0\u00a0<a href=\"https:\/\/www.facebook.com\/Modneli\">https:\/\/www.facebook.com\/Modneli<\/a><\/p>\n<p>Instagram: \u00a0<a href=\"https:\/\/www.instagram.com\/modneli_dress\/\">https:\/\/www.instagram.com\/modneli_dress\/<\/a><\/p>\n<h5><em>Su meile, Modneli.<\/em><\/h5>","protected":false},"excerpt":{"rendered":"<p>&nbsp; S i\u0161matavimai Kr\u016btin\u0117 86-90 cm. Liemuo 70-74 cm. Klubai 94-100 cm. M i\u0161matavimai Kr\u016btin\u0117 90-94 cm. Liemuo 72-76 m.&hellip;<\/p>","protected":false},"featured_media":10075,"template":"","meta":[],"product_cat":[141,1941],"product_tag":[961,1814,1737,1914,1912,1902,1950,1744,1775,187,1885,1944,1958,288,1746,1889,1783,1815,1942,1813,1720,1960,1919,1945,1740],"class_list":["post-8004","product","type-product","status-publish","has-post-thumbnail","hentry","product_cat-sukneles","product_cat-nuoma","product_tag-elegantiska-midi-suknel","product_tag-fizine-sukneliu-parduotuve","product_tag-gimtadienio-suknele","product_tag-ilgos-sukneles","product_tag-ilgos-sukneles-moterims","product_tag-juodos-sukneles-moterims","product_tag-kokteiliniu-sukneliu-nuoma-vilniuje","product_tag-liemenuota-suknele","product_tag-minimalistine-suknele","product_tag-progin-suknel","product_tag-progines-sukneles","product_tag-proginiu-sukneliu-nuoma","product_tag-proginiu-sukneliu-nuoma-vilniuje","product_tag-suknel","product_tag-suknele-zemiau-keliu","product_tag-sukneles","product_tag-sukneles-internetu","product_tag-sukneles-vilniuje","product_tag-sukneliu-nuoma-vilniuje","product_tag-sukneliu-parduotuve-vilniuje","product_tag-sventine-suknele","product_tag-sventiniu-sukneliu-nuoma-vilniuje","product_tag-vakarines-sukneles-moterims","product_tag-vakariniu-sukneliu-nuoma-vilniuje","product_tag-varpelio-formos-suknele","pa_audinys-poliesteris-85-elastanas-15","pa_dydis-l","pa_dydis-m","pa_dydis-s","pa_ismatavimai-modelio-ugis-172-cm-2","pa_ismatavimai-sukneles-ilgis-apie-134-cm","pa_spalva-juoda","thumb-no-effect","prod-rating-on","prod-has-rating"],"_links":{"self":[{"href":"https:\/\/modneli.com\/en\/wp-json\/wp\/v2\/product\/8004","targetHints":{"allow":["GET"]}}],"collection":[{"href":"https:\/\/modneli.com\/en\/wp-json\/wp\/v2\/product"}],"about":[{"href":"https:\/\/modneli.com\/en\/wp-json\/wp\/v2\/types\/product"}],"wp:featuredmedia":[{"embeddable":true,"href":"https:\/\/modneli.com\/en\/wp-json\/wp\/v2\/media\/10075"}],"wp:attachment":[{"href":"https:\/\/modneli.com\/en\/wp-json\/wp\/v2\/media?parent=8004"}],"wp:term":[{"taxonomy":"product_cat","embeddable":true,"href":"https:\/\/modneli.com\/en\/wp-json\/wp\/v2\/product_cat?post=8004"},{"taxonomy":"product_tag","embeddable":true,"href":"https:\/\/modneli.com\/en\/wp-json\/wp\/v2\/product_tag?post=8004"}],"curies":[{"name":"wp","href":"https:\/\/api.w.org\/{rel}","templated":true}]}}

<p>&nbsp;</p>
<table class="woocommerce-product-attributes shop_attributes">
<tbody>
<tr class="woocommerce-product-attributes-item woocommerce-product-attributes-item--attribute_s-i%c5%a1matavimai">
<th class="woocommerce-product-attributes-item__label">S išmatavimai</th>
<td class="woocommerce-product-attributes-item__value">Krūtinė 86-90 cm. Liemuo 70-74 cm. Klubai 94-100 cm.</td>
</tr>
<tr class="woocommerce-product-attributes-item woocommerce-product-attributes-item--attribute_m-i%c5%a1matavimai">
<th class="woocommerce-product-attributes-item__label">M išmatavimai</th>
<td class="woocommerce-product-attributes-item__value">Krūtinė 90-94 cm. Liemuo 72-76 m. Klubai 100-106 cm.</td>
</tr>
<tr class="woocommerce-product-attributes-item woocommerce-product-attributes-item--attribute_l-i%c5%a1matavimai">
<th class="woocommerce-product-attributes-item__label">L išmatavimai</th>
<td class="woocommerce-product-attributes-item__value">Krūtinė 94-98 cm. Liemuo 78-82 cm. Klubai 106-110 cm.</td>
</tr>
</tbody>
</table>
<p>&nbsp;</p>
<p>NUOMA</p>
<table class="woocommerce-product-attributes shop_attributes">
<tbody>
<tr class="woocommerce-product-attributes-item woocommerce-product-attributes-item--attribute_36-i%c5%a1matavimai">
<th class="woocommerce-product-attributes-item__label">4 dienos</th>
<td class="woocommerce-product-attributes-item__value"> 65 eur.</td>
</tr>
<tr class="woocommerce-product-attributes-item woocommerce-product-attributes-item--attribute_38-i%c5%a1matavimai">
<th class="woocommerce-product-attributes-item__label">8 dienos</th>
<td class="woocommerce-product-attributes-item__value"> 75  eur.</td>
</tr>
<tr class="woocommerce-product-attributes-item woocommerce-product-attributes-item--attribute_40-i%c5%a1matavimai">
<th class="woocommerce-product-attributes-item__label"></th>
<td class="woocommerce-product-attributes-item__value"></td>
</tr>
</tbody>
</table>
<p>&nbsp;</p>
<p>Labai prašome peržiūrėti  “Papildomą informaciją”. Atsižvelkite į pateiktus rūbų išmatavimus (klubai, liemuo, krūtinė, ilgis). Kartais dydžiai gali būti mažinti.</p>
<p>Mūsų rūbų pristatymas gali užtrukti nuo 2 iki 5 dienų.</p>
<p>Mes parduodame savo prekinio ženklo “Modneli” ir kitų gamintojų iš viso pasaulio drabužius ir aksesuarus. Jeigu nerandate savo dydžio, kartais galime papildomai užsakyti.</p>
<p>Visais klausimais: dėl dydžio, pristatymo laiko, gamintojo, keitimo, grąžinimo ar šiaip “pasilabinti” rašykite mums:</p>
<p>Facebook:  <a href="https://www.facebook.com/Modneli">https://www.facebook.com/Modneli</a></p>
<p>Instagram:  <a href="https://www.instagram.com/modneli_dress/">https://www.instagram.com/modneli_dress/</a></p>
<h5><em>Su meile, Modneli.</em></h5>

<p>&nbsp; S išmatavimai Krūtinė 86-90 cm. Liemuo 70-74 cm. Klubai 94-100 cm. M išmatavimai Krūtinė 90-94 cm. Liemuo 72-76 m.&hellip;</p>
