{"id":7338,"date":"2024-05-13T12:28:15","date_gmt":"2024-05-13T12:28:15","guid":{"rendered":"https:\/\/modneli.com\/?post_type=product&#038;p=7338"},"modified":"2025-11-11T11:42:47","modified_gmt":"2025-11-11T11:42:47","slug":"ellie","status":"publish","type":"product","link":"https:\/\/modneli.com\/en\/product\/ellie\/","title":{"rendered":"Ellie"},"content":{"rendered":"<p>Labai pra\u0161ome per\u017ei\u016br\u0117ti \u00a0\u201cPapildom\u0105 informacij\u0105\u201d. Atsi\u017evelkite \u012f pateiktus r\u016bb\u0173 i\u0161matavimus (klubai, liemuo, kr\u016btin\u0117, ilgis). Kartais dyd\u017eiai gali b\u016bti ma\u017einti.<\/p>\n<p>M\u016bs\u0173 r\u016bb\u0173 pristatymas gali u\u017etrukti nuo 2 iki 5 dien\u0173.<\/p>\n<p>Mes parduodame savo prekinio \u017eenklo \u201cModneli\u201d ir kit\u0173 gamintoj\u0173 i\u0161 viso pasaulio drabu\u017eius ir aksesuarus. Jeigu nerandate savo dyd\u017eio, kartais galime papildomai u\u017esakyti.<\/p>\n<p>Visais klausimais: d\u0117l dyd\u017eio, pristatymo laiko, gamintojo, keitimo, gr\u0105\u017einimo ar \u0161iaip \u201cpasilabinti\u201d ra\u0161ykite mums:<\/p>\n<p>Facebook:\u00a0\u00a0<a href=\"https:\/\/www.facebook.com\/Modneli\">https:\/\/www.facebook.com\/Modneli<\/a><\/p>\n<p>Instagram: \u00a0<a href=\"https:\/\/www.instagram.com\/modneli_clothes\/\">https:\/\/www.instagram.com\/modneli_clothes\/<\/a><\/p>\n<h5><em>Su meile, Modneli.<\/em><\/h5>","protected":false},"excerpt":{"rendered":"<p>Labai pra\u0161ome per\u017ei\u016br\u0117ti \u00a0\u201cPapildom\u0105 informacij\u0105\u201d. Atsi\u017evelkite \u012f pateiktus r\u016bb\u0173 i\u0161matavimus (klubai, liemuo, kr\u016btin\u0117, ilgis). Kartais dyd\u017eiai gali b\u016bti ma\u017einti. M\u016bs\u0173&hellip;<\/p>","protected":false},"featured_media":9564,"template":"","meta":[],"product_cat":[141],"product_tag":[288],"class_list":["post-7338","product","type-product","status-publish","has-post-thumbnail","hentry","product_cat-sukneles","product_tag-suknel","pa_dydis-m","pa_dydis-xs","pa_ismatavimai-sukneles-ilgis-83-cm","pa_spalva-balta","thumb-no-effect","prod-rating-on","prod-has-rating"],"_links":{"self":[{"href":"https:\/\/modneli.com\/en\/wp-json\/wp\/v2\/product\/7338","targetHints":{"allow":["GET"]}}],"collection":[{"href":"https:\/\/modneli.com\/en\/wp-json\/wp\/v2\/product"}],"about":[{"href":"https:\/\/modneli.com\/en\/wp-json\/wp\/v2\/types\/product"}],"wp:featuredmedia":[{"embeddable":true,"href":"https:\/\/modneli.com\/en\/wp-json\/wp\/v2\/media\/9564"}],"wp:attachment":[{"href":"https:\/\/modneli.com\/en\/wp-json\/wp\/v2\/media?parent=7338"}],"wp:term":[{"taxonomy":"product_cat","embeddable":true,"href":"https:\/\/modneli.com\/en\/wp-json\/wp\/v2\/product_cat?post=7338"},{"taxonomy":"product_tag","embeddable":true,"href":"https:\/\/modneli.com\/en\/wp-json\/wp\/v2\/product_tag?post=7338"}],"curies":[{"name":"wp","href":"https:\/\/api.w.org\/{rel}","templated":true}]}}

<p>Labai prašome peržiūrėti  “Papildomą informaciją”. Atsižvelkite į pateiktus rūbų išmatavimus (klubai, liemuo, krūtinė, ilgis). Kartais dydžiai gali būti mažinti.</p>
<p>Mūsų rūbų pristatymas gali užtrukti nuo 2 iki 5 dienų.</p>
<p>Mes parduodame savo prekinio ženklo “Modneli” ir kitų gamintojų iš viso pasaulio drabužius ir aksesuarus. Jeigu nerandate savo dydžio, kartais galime papildomai užsakyti.</p>
<p>Visais klausimais: dėl dydžio, pristatymo laiko, gamintojo, keitimo, grąžinimo ar šiaip “pasilabinti” rašykite mums:</p>
<p>Facebook:  <a href="https://www.facebook.com/Modneli">https://www.facebook.com/Modneli</a></p>
<p>Instagram:  <a href="https://www.instagram.com/modneli_clothes/">https://www.instagram.com/modneli_clothes/</a></p>
<h5><em>Su meile, Modneli.</em></h5>

<p>Labai prašome peržiūrėti  “Papildomą informaciją”. Atsižvelkite į pateiktus rūbų išmatavimus (klubai, liemuo, krūtinė, ilgis). Kartais dydžiai gali būti mažinti. Mūsų&hellip;</p>
