{"id":3566,"date":"2023-05-05T10:46:11","date_gmt":"2023-05-05T10:46:11","guid":{"rendered":"http:\/\/modneli.com.metasolutions.hostingas.lt\/?post_type=product&#038;p=3566"},"modified":"2025-06-10T13:09:19","modified_gmt":"2025-06-10T13:09:19","slug":"suknel-tara","status":"publish","type":"product","link":"https:\/\/modneli.com\/en\/product\/suknel-tara\/","title":{"rendered":"Suknel\u0117 Tara"},"content":{"rendered":"<p>Labai pra\u0161ome per\u017ei\u016br\u0117ti \u00a0&#8220;Papildom\u0105 informacij\u0105&#8221;. Atsi\u017evelkite \u012f pateiktus r\u016bb\u0173 i\u0161matavimus (klubai, liemuo, kr\u016btin\u0117, ilgis). Kartais dyd\u017eiai gali b\u016bti ma\u017einti.<\/p>\n<p>M\u016bs\u0173 r\u016bb\u0173 pristatymas gali u\u017etrukti nuo 3 iki 7 dien\u0173. Priklausomai ar r\u016bbas yra m\u016bs\u0173 sand\u0117lyje paruo\u0161tas siuntimui. (I\u0161pardavimo preki\u0173 pristatymas 3-5 dienos)<\/p>\n<p>Mes parduodame savo prekinio \u017eenklo &#8220;Modneli&#8221; ir kit\u0173 gamintoj\u0173 i\u0161 viso pasaulio drabu\u017eius ir aksesuarus. Jeigu nerandate savo dyd\u017eio, kartais galime papildomai pasi\u016bti arba u\u017esakyti.<\/p>\n<p>Visais klausimais: d\u0117l dyd\u017eio, pristatymo laiko, gamintojo, keitimo, gr\u0105\u017einimo ar \u0161iaip &#8220;pasilabinti&#8221; ra\u0161ykite mums:<\/p>\n<p>El. pa\u0161tas: \u00a0<a href=\"mailto:info@modneli.com\">info@modneli.com<\/a><\/p>\n<p>Facebook:\u00a0 <a href=\"https:\/\/www.facebook.com\/Modneli\">https:\/\/www.facebook.com\/Modneli<\/a><\/p>\n<p>Instagram: \u00a0<a href=\"https:\/\/www.instagram.com\/modneli_clothes\/\">https:\/\/www.instagram.com\/modneli_clothes\/<\/a><\/p>\n<h5><em>Su meile, Modneli.<\/em><\/h5>","protected":false},"excerpt":{"rendered":"<p>Labai pra\u0161ome per\u017ei\u016br\u0117ti \u00a0&#8220;Papildom\u0105 informacij\u0105&#8221;. Atsi\u017evelkite \u012f pateiktus r\u016bb\u0173 i\u0161matavimus (klubai, liemuo, kr\u016btin\u0117, ilgis). Kartais dyd\u017eiai gali b\u016bti ma\u017einti. M\u016bs\u0173&hellip;<\/p>","protected":false},"featured_media":6265,"template":"","meta":[],"product_cat":[135,141],"product_tag":[920],"class_list":["post-3566","product","type-product","status-publish","has-post-thumbnail","hentry","product_cat-ispardavimas","product_cat-sukneles","product_tag-suknel-tara","pa_dydis-m","pa_dydis-s","pa_dydis-xs","pa_spalva-juoda","pa_spalva-zydra","thumb-no-effect","prod-rating-on","prod-has-rating"],"_links":{"self":[{"href":"https:\/\/modneli.com\/en\/wp-json\/wp\/v2\/product\/3566","targetHints":{"allow":["GET"]}}],"collection":[{"href":"https:\/\/modneli.com\/en\/wp-json\/wp\/v2\/product"}],"about":[{"href":"https:\/\/modneli.com\/en\/wp-json\/wp\/v2\/types\/product"}],"wp:featuredmedia":[{"embeddable":true,"href":"https:\/\/modneli.com\/en\/wp-json\/wp\/v2\/media\/6265"}],"wp:attachment":[{"href":"https:\/\/modneli.com\/en\/wp-json\/wp\/v2\/media?parent=3566"}],"wp:term":[{"taxonomy":"product_cat","embeddable":true,"href":"https:\/\/modneli.com\/en\/wp-json\/wp\/v2\/product_cat?post=3566"},{"taxonomy":"product_tag","embeddable":true,"href":"https:\/\/modneli.com\/en\/wp-json\/wp\/v2\/product_tag?post=3566"}],"curies":[{"name":"wp","href":"https:\/\/api.w.org\/{rel}","templated":true}]}}

Suknelė Tara

<p>Labai prašome peržiūrėti  &#8220;Papildomą informaciją&#8221;. Atsižvelkite į pateiktus rūbų išmatavimus (klubai, liemuo, krūtinė, ilgis). Kartais dydžiai gali būti mažinti.</p>
<p>Mūsų rūbų pristatymas gali užtrukti nuo 3 iki 7 dienų. Priklausomai ar rūbas yra mūsų sandėlyje paruoštas siuntimui. (Išpardavimo prekių pristatymas 3-5 dienos)</p>
<p>Mes parduodame savo prekinio ženklo &#8220;Modneli&#8221; ir kitų gamintojų iš viso pasaulio drabužius ir aksesuarus. Jeigu nerandate savo dydžio, kartais galime papildomai pasiūti arba užsakyti.</p>
<p>Visais klausimais: dėl dydžio, pristatymo laiko, gamintojo, keitimo, grąžinimo ar šiaip &#8220;pasilabinti&#8221; rašykite mums:</p>
<p>El. paštas:  <a href="mailto:info@modneli.com">info@modneli.com</a></p>
<p>Facebook:  <a href="https://www.facebook.com/Modneli">https://www.facebook.com/Modneli</a></p>
<p>Instagram:  <a href="https://www.instagram.com/modneli_clothes/">https://www.instagram.com/modneli_clothes/</a></p>
<h5><em>Su meile, Modneli.</em></h5>

<p>Labai prašome peržiūrėti  &#8220;Papildomą informaciją&#8221;. Atsižvelkite į pateiktus rūbų išmatavimus (klubai, liemuo, krūtinė, ilgis). Kartais dydžiai gali būti mažinti. Mūsų&hellip;</p>
